2*j = -14*j - 8. Let c(f) = 8*f + 1. Determine c(j).
9
Suppose 12 = 4*p + 36. Let c(l) be the third derivative of l**4/8 - 7*l**3/6 - 67*l**2. Calculate c(p).
-25
Let i(n) = 4*n - 10. Let w(o) = -11*o + 147. Let c be w(13). Calculate i(c).
6
Let l(y) be the third derivative of y**7/2520 - y**6/60 - y**5/4 + 38*y**2. Let i(d) be the third derivative of l(d). Determine i(9).
6
Suppose d - 12 = -2*d. Suppose 0 = -2*g - 4*y + 12, d*g + 2*y - 6 = 6. Let j(k) = -4*k**3 + 4*k + 5*k**3 + k - 3*k**g - 4 + 2. Calculate j(3).
13
Let z(d) be the third derivative of -7/24*d**4 + 0*d + 1/15*d**5 - 5/6*d**3 + 1/120*d**6 + 0 + 31*d**2. Give z(-5).
5
Let s(v) = 0*v - 7*v + 7*v + 1 - v. Determine s(2).
-1
Let z(r) be the third derivative of r**5/30 - 5*r**4/24 - 64*r**2. Determine z(4).
12
Let l(k) = k**2 - 2. Let q be 14/6 + 18/27. Suppose q*r = 5*a + 53, 2*r + 0*a = 4*a + 38. Suppose -6 = -r*x + 13*x. Give l(x).
7
Let u be -1*(-9 - (-8)/2). Suppose -4*j - 5 = -x, u*x + 71 = -4*j - 0*j. Let r(t) = t + 12. What is r(x)?
1
Let m(d) = d**2 + d**3 - 9*d**2 - 1994*d + 17 + 1991*d. What is m(8)?
-7
Let k(t) = -t**2 + 23*t - 45. Let v be k(21). Let z(b) = b**3 + 3*b**2 + 3. Determine z(v).
3
Let k(a) be the second derivative of a**5/20 - a**4/4 + 2*a**3/3 - 3*a**2/2 - 3*a. Let d be 69 - (8 + -8)/(6/2). Let l = -67 + d. Calculate k(l).
1
Suppose 3*t = -4*r - 2*t + 9, 0 = 2*r - t - 15. Let g(w) = 0*w - 5*w + w + r - w**2. Let z(b) = b**2 + 11*b + 24. Let m be z(-5). Calculate g(m).
-6
Let r(a) be the second derivative of 15*a + 0*a**3 - a**2 + 1/12*a**4 + 0. What is r(-3)?
7
Let f(z) = 4*z. Let a = -358 - -367. Calculate f(a).
36
Let p(u) be the second derivative of u**5/20 + u**2 - 6*u. Let d be p(-2). Let a(v) = 0 - v**2 - v**3 - 3*v - 1 + 5*v - 5*v**2. Give a(d).
-13
Let i(n) = n**2 + 15*n + 17. Let r = 24 - 20. Let d(q) = -q**2 - 14*q - 16. Let u(a) = r*i(a) + 5*d(a). Determine u(-8).
4
Let f = 196 + -190. Let v(m) = 4*m + 1. Determine v(f).
25
Let h(r) = 4*r - 1. Let o(a) = 15 + 2*a - 9*a - 21 + 8. Let w(j) = 5*h(j) + 3*o(j). Let c(q) = -q**3 - q**2 - 2*q - 3. Let v be c(-2). Calculate w(v).
-4
Suppose -8 + 0 = -4*z + 4*y, 8 = z + 5*y. Let l(j) = 4 - z - 2 - j + 3*j. Give l(-2).
-5
Let h(c) = -49*c + 549. Let u be h(11). Let m(n) = -n**3 + 10*n**2 - 15. What is m(u)?
-15
Suppose -147 = -27*n + 69. Let k(o) = o - 5. Determine k(n).
3
Let q(j) = -15*j**2 + 2*j + 19*j**2 - 5*j**2. What is q(2)?
0
Suppose -16*q - 1758 - 50 = 0. Let j = 110 + q. Let p(l) = -l - 2. Calculate p(j).
1
Let w(t) = t**3 - 5*t**2 - 6*t + 4. Suppose -3*b + 0*b + 15 = 0. Suppose 5*q = -b*u + 30, -5*q + 7 = u + 1. Calculate w(u).
4
Let z(p) = -p - 8. Let j(r) = 2*r + 16. Let v(q) = 3*j(q) + 7*z(q). Suppose 9 = 2*a - 3. Let w be -4 + 2*(-3)/a. Calculate v(w).
-3
Let a(v) = v + 7. Let b = 338 + -346. Let h(r) = -r. Let s be h(-5). Let n = s + b. Determine a(n).
4
Let i(z) = z**2 - 5*z + 5. Let o(r) = 3*r**2 - 14*r + 13. Let k(v) = 7*i(v) - 2*o(v). What is k(11)?
53
Let g(t) = -2*t**2 + 5*t - 1. Let v(n) = -3*n**2 + 8*n - 2. Let j(f) = 8*g(f) - 5*v(f). Let c = -7 - -12. Suppose -z + c*a - 2 = a, -z + 3 = a. Calculate j(z).
-2
Let g = 21 - 16. Let k(b) = 1 + 2*b - 2*b - g*b + 2*b. Suppose 4*t + 12 = 4*m, -2*t = t + 5*m - 23. Determine k(t).
-2
Let u(v) be the second derivative of -v**5/20 + v**4/2 - v**3 + v**2 + 145*v - 3. Let a(i) = -i**3 + 4*i**2 - 2*i + 1. Let x be a(3). Calculate u(x).
10
Suppose t + 8 = 2*t. Suppose -t*o - 16 = 16. Let x(h) = 4 - 6 + 2*h**2 - 4 - 3*h**2 - 3*h. Determine x(o).
-10
Let g(k) be the third derivative of k**6/120 + k**5/60 + k**4/24 - 17*k**3/6 + k**2 + 8. Determine g(0).
-17
Let o(t) = t. Let g be o(5). Suppose -14 = s - l + 5*l, g*s + l = 25. Let m(c) = -c**3 + 5*c**2 + 8*c - 2. Calculate m(s).
10
Let u(s) = -s**2 - 3*s - 2. Let r be (18/(-4))/(6/(-16)). Let t = -38 + r. Let c be 14/(-49) - t/(-7). What is u(c)?
-6
Let b be 2 - (0 + 0 - 0). Let a be (3/(-6))/((-2)/(-16)*b). Let i(n) = 4*n**2 - 3*n - 9. Let v(m) = -2*m**2 + m + 4. Let o(y) = -2*i(y) - 5*v(y). What is o(a)?
4
Let j(h) = 4*h - 33. Suppose -23*k + 298 = 68. What is j(k)?
7
Let k(p) be the third derivative of -p**5/60 + p**4/2 - p**3/6 - 82*p**2 - 3. Give k(10).
19
Let h(o) = 12*o + 11. Let z(l) = -l**2 + 26*l + 24. Let k(m) = -7*h(m) + 3*z(m). What is k(-4)?
-29
Let w(f) = -3*f - 5. Let q = -111 - -107. Calculate w(q).
7
Let j(i) = -2*i - 12. Suppose -r = f - 3*r - 2, 29 = -3*f - r. Let t be j(f). Let v(o) = -o - 5. Determine v(t).
-9
Let y(o) be the first derivative of o**3/3 - 7*o**2 - o + 16. Determine y(14).
-1
Let t(q) = 3*q + 10. Let n be t(-6). Let d(v) be the second derivative of v**4/12 + 4*v**3/3 + 9*v**2/2 + 5*v. Calculate d(n).
9
Let p(n) be the second derivative of -2*n**3/3 - n**2 + 879*n. Let r be 1*(-6)/(-4)*2. Calculate p(r).
-14
Let f(b) be the second derivative of b**4/12 + b**3/6 + 9*b**2 + 2*b. Let i = 23 - 24. Let c be 0/(-1)*3*i/6. Give f(c).
18
Let m(n) be the third derivative of -n**6/120 + n**3/6 + 74*n**2. Let k = 12 - 14. What is m(k)?
9
Let s(f) be the third derivative of f**5/60 + f**4/8 + f**3/3 + 214*f**2. What is s(-3)?
2
Suppose 0 = 25*n + 11 - 111. Let w(x) = -x**2 + 5*x - 2. Calculate w(n).
2
Let n be 32/8 - 4/2. Let h(g) = -9*g**2 + 3*g**2 - 11*g**2 + 4*g**n - g. Determine h(-1).
-12
Let v(l) = 25 - 7*l**2 + 33 - 3*l**3 - 7*l - 67 + 2*l**3. Let o(p) = p**3 + 5*p**2 - 5*p. Let u(j) = -j**2 + 10*j + 5. Let d be u(11). Let z be o(d). Give v(z).
-3
Let j(l) = -31 - 26 - 2*l - 23 + 72. What is j(-8)?
8
Let d(b) = b**3 - 3*b**2 - 2. Let t be d(4). Let n = 15 - t. Let z(x) = -2*x**2 - x. Calculate z(n).
-3
Let l(q) = 4*q**2 + 5416*q + 1 - 5416*q. Let w = 5 + -4. Calculate l(w).
5
Let i(x) be the second derivative of -1/6*x**3 + 2*x + x**2 + 0 + 1/12*x**4. Give i(-2).
8
Let a(m) = 24*m**2 + 17*m + 4. Let z(l) = 12*l**2 + 8*l + 2. Let k(s) = -4*a(s) + 9*z(s). Calculate k(-2).
42
Let z(r) = -r**2 + 7*r - 5. Let a(k) = -k**2 - 5*k + 7. Let s = 29 - 34. Let o be a(s). What is z(o)?
-5
Let q(x) = -2*x**3 - 8*x**2 + 9*x + 3. Let j(i) = i**3 + i**2 - i - 1. Let v(w) = 3*j(w) + q(w). What is v(4)?
8
Let t(q) = -q**2 + 2*q - 1. Let b(s) = -5*s**2 - 4. Let u(j) = b(j) - 4*t(j). Give u(-6).
12
Suppose 8*g - 68 = 4*g. Let x = 22 - g. Suppose 0 = -4*b - 5*p - 1, 2*p - 5*p = x*b + 11. Let o(j) = 2*j + 2. Give o(b).
-6
Let c(t) = 6*t**3 + 49*t**2 + 5*t - 19. Let p be c(-8). Let k(h) = -2*h**2 + 8*h + 16. What is k(p)?
6
Let n(h) = 7*h + 3. Let y(g) = -9*g - 2. Let l(t) = -6*n(t) - 5*y(t). Give l(7).
13
Let a(u) be the third derivative of u**6/720 + u**5/24 + 3*u**4/2 + 9*u**2. Let g(v) be the second derivative of a(v). Determine g(4).
9
Let k = 798 - 798. Let b(j) be the first derivative of k*j**2 + 1/3*j**3 + 3 + 7*j - 1/4*j**4. Give b(0).
7
Suppose 6 = 3*x + 3*p, 3*x - 2*p - 6 + 20 = 0. Let l(i) = -i**3 - 3*i**2 - 4*i - 2. What is l(x)?
2
Let h(z) = -z**3 + 2*z**2 + 4. Let g be 13/(2652/36)*17. Give h(g).
-5
Let u(m) be the third derivative of m**6/30 + m**5/30 + m**4/12 + m**3/6 + 10*m**2 + 10*m. Give u(-1).
-3
Let i(w) = -3*w + 47. Let h(q) = -53*q - 21 + 5 + 54*q. Let k(a) = -7*h(a) - 2*i(a). Give k(0).
18
Let b(r) be the second derivative of -r**5/5 + r**3/3 - r**2/2 - 53*r. Suppose -3*m - 3 = -3*g, 0 = 2*m + m + 3. Suppose g + 2 = 2*f. Calculate b(f).
-3
Let f(s) be the third derivative of -1/60*s**6 + 0*s + 0 + 0*s**5 + 16*s**2 + 1/3*s**3 - 1/8*s**4. Determine f(2).
-20
Let n(w) = 12*w - 6. Let l(d) = -7*d + 1. Let u(a) = 10*a - 1. Let z(s) = -8*l(s) - 5*u(s). Let p(b) = 4*n(b) - 9*z(b). Determine p(2).
-9
Let y(i) = i + 0*i - 7*i. Suppose 19 = 4*a - 3*a. Let o = 18 - a. Calculate y(o).
6
Let m(w) = -2*w**2 - 7*w - 6. Let v be (-8)/(-16) - 59/2. Let s = v - -25. Determine m(s).
-10
Let a(n) = 33*n - 1. Let h be a(1). Let g = h + -18. Let s(o) = o**3 - 13*o**2 - 13*o - 9. Let r be s(g). Let i(m) = -m**2 + 5*m - 7. Calculate i(r).
-7
Let x(n) be the second derivative of -n**3/6 - n**2/2 - 3*n + 16. Calculate x(2).
-3
Let q(o) be the third derivative of o**5/60 - 7*o**4/24 + o**3/2 + o**2 - 9. Give q(4).
-9
Let b(v) = -2*v - 4. Suppose 0 = 2*q - 6*q + 32. Let u be (-2)/12*3*q. Calculate b(u).
4
Let x(h) = h**3 - 5*h**2 + 5*h - 1. Let q(b) be the first derivative of -15/2*b**2 +